{"id":1363,"date":"2017-12-10T00:00:51","date_gmt":"2017-12-09T23:00:51","guid":{"rendered":"http:\/\/www.drk-elkenroth.de\/?page_id=1363"},"modified":"2025-12-27T01:01:44","modified_gmt":"2025-12-27T00:01:44","slug":"2017-heute","status":"publish","type":"page","link":"http:\/\/www.drk-elkenroth.de\/?page_id=1363","title":{"rendered":"2017 &#8211; heute"},"content":{"rendered":"<p> <a href=\"https:\/\/fanzi.click\/models\/irish-kitten\" target=\"_blank\" rel=\"noopener\">littlemama72 boobs<\/a><\/p>\n<p>Die Mitgliederversammlung fand am 08.12.2017 in der Halle unserer\u00a0DRK-Unterkunft\u00a0statt. Anwesend waren zu dieser Versammlung\u00a018 Mitglieder.<\/p>\n<p><u>In den Vorstand wurde gew\u00e4hlt:<\/u><\/p>\n<table border=\"0\">\n<tbody>\n<tr>\n<td>\u00a0Herr Konrad Schwan<\/td>\n<td>\u00a01. Vorsitzender<\/td>\n<\/tr>\n<tr>\n<td>\u00a0Herr Dr. Klaus Kohlhas<\/td>\n<td>\u00a02. Vorsitzender<\/td>\n<\/tr>\n<tr>\n<td>\u00a0Frau Sabrina Benner<\/td>\n<td>\u00a0Schatzmeisterin<\/td>\n<\/tr>\n<tr>\n<td>\u00a0Herr Dr. Andreas Pfeifer<\/td>\n<td>\u00a0Bereitschaftsarzt<\/td>\n<\/tr>\n<tr>\n<td>\u00a0Herr Dr. Michael Diether<\/td>\n<td>\u00a0Stellv. Bereitschaftsarzt<\/td>\n<\/tr>\n<tr>\n<td>\u00a0Herr Steffen Nilius<\/td>\n<td>\u00a0Bereitschaftsleiter<\/td>\n<\/tr>\n<tr>\n<td>\u00a0Herr Michael Gr\u00fcdelbach<\/td>\n<td>\u00a0Beisitzer<\/td>\n<\/tr>\n<tr>\n<td>\u00a0Frau Alexandra Schuhen<\/td>\n<td>\u00a0Beisitzer<\/td>\n<\/tr>\n<tr>\n<td>\u00a0Herr Linus Weller<\/td>\n<td>\u00a0Beisitzer \/ Stellv. Bereitschaftsleiter<\/td>\n<\/tr>\n<\/tbody>\n<\/table>\n<p align=\"justify\">Im Anschluss der Mitgliederversammlung\u00a0wurden noch\u00a0Ehrungen durchgef\u00fchrt. Da Kreisbereitschaftsleiter Udo Schmidt\u00a0an diesem Abend nicht anwesend sein konnte,\u00a0f\u00fchrte\u00a0Bereitschaftsleiter Steffen Nilius in seiner Funktion als stellvertretender KBL die Ehrungen &#8222;vertretungsweise&#8220; durch.<\/p>\n<p align=\"justify\"><img loading=\"lazy\" decoding=\"async\" class=\"alignleft size-full wp-image-1376\" src=\"http:\/\/www.drk-elkenroth.de\/wp-content\/uploads\/2017-12-08-1.jpg\" alt=\"\" width=\"640\" height=\"372\" srcset=\"http:\/\/www.drk-elkenroth.de\/wp-content\/uploads\/2017-12-08-1.jpg 640w, http:\/\/www.drk-elkenroth.de\/wp-content\/uploads\/2017-12-08-1-300x174.jpg 300w\" sizes=\"(max-width: 640px) 100vw, 640px\" \/><\/p>\n<table border=\"1\">\n<tbody>\n<tr>\n<td><strong>Dienstjahre<\/strong><\/td>\n<td><strong>\u00a0geehrt wurden:<\/strong><\/td>\n<\/tr>\n<tr>\n<td>\n<p align=\"center\">\u00a05<\/p>\n<\/td>\n<td>Sabrina Benner, Annika Greb, Katrin Gr\u00fcdelbach, Philipp Karmann und Alexandra Schuhen<\/td>\n<\/tr>\n<tr>\n<td>\n<p align=\"center\">\u00a010<\/p>\n<\/td>\n<td>&#8211;<\/td>\n<\/tr>\n<tr>\n<td>\n<p align=\"center\">\u00a015<\/p>\n<\/td>\n<td>Dominick Meyer, (Steffen Nilius), Dr. Andreas Pfeifer und Konrad Schwan<\/td>\n<\/tr>\n<tr>\n<td>\n<p align=\"center\">\u00a020<\/p>\n<\/td>\n<td>Dr. Klaus Kohlhas und Manuel Weber<\/td>\n<\/tr>\n<tr>\n<td>\n<p align=\"center\">\u00a025<\/p>\n<\/td>\n<td>Joachim H\u00fcsch, Ralf Reif und Natalie Theis<\/td>\n<\/tr>\n<tr>\n<td>\n<p align=\"center\">\u00a030<\/p>\n<\/td>\n<td>Michael Gr\u00fcdelbach und R\u00fcdiger Pfeiffer<\/td>\n<\/tr>\n<tr>\n<td>\n<p align=\"center\">\u00a035<\/p>\n<\/td>\n<td>Daniel Hauke und Frank Menzel<\/td>\n<\/tr>\n<tr>\n<td style=\"text-align: center\">\u00a040<\/td>\n<td>Stephan Rosenthal<\/td>\n<\/tr>\n<tr>\n<td style=\"text-align: center\">45<\/td>\n<td>Dieter Theis<\/td>\n<\/tr>\n<\/tbody>\n<\/table>\n<p>Am 08.01.2018 erfolgte im kompletten Leitstellenbereich Montabaur die Umstellung auf Digitalfunk. Kreisweit wurden hierf\u00fcr auch die Fahrzeugkennungen angepasst. Der Wachenbereich 6 (RW Daaden) wurde auf 22 abge\u00e4ndert. Somit wurden unsere Fahrzeuge 6\/19-2, 6\/59-1 sowie 6\/86-1 mit einer neuen Kennung 22\/19-2 (MTF), 22\/59-1 (GW-San Bund) und 22\/86-1 (RTW) versehen.<\/p>\n<p>Im Fr\u00fchjahr 2018 startete der Anbau an die bestehende Halle durch die Firma Becher, Rosenheim. Die Erweiterung der Halle wurde notwendig, da unserer Bereitschaft im Jahr 2013 ein Ger\u00e4tewagen Sanit\u00e4t \u00fcbergeben wurde und insgesamt 3 Fahrzeuge in der Halle untergestellt, die urspr\u00fcnglich nur f\u00fcr 2 Fahrzeuge konzipiert worden ist. Der Anbau im Wert von rund 70.000,- Euro wurde von der letzten Mitgliederversammlung einstimmig beschlossen und soll Platz f\u00fcr den Ger\u00e4tewagen San schaffen. Die Arbeiten wurden gr\u00f6\u00dftenteils an Firmen vergeben. Jedoch legten auch hier einige Bereitschaftsmitglieder Hand an, um in Form von Eigenleistungen Geld zu sparen.<\/p>\n<p>Am 21.07.2018 fuhren wir um 12:00 Uhr nach\u00a0K\u00f6ln, um mit den Bereitschaften Birken-Honigsessen, Katzwinkel und Wissen den SAN-Dienst bei den K\u00f6lner Lichtern sicherzustellen. Unser Einsatzgebiet war der gesamte Rheinpark, welcher fl\u00e4chenm\u00e4\u00dfig das gr\u00f6\u00dfte\u00a0Einsatzgebiet der Gro\u00dfveranstaltung\u00a0darstellte. Im Rheinpark wurden durch die beteiligten Bereitschaften zwei Unfallhilfsstellen aufgebaut. Von der Bereitschaft Elkenroth fuhren 8 Bereitschaftsmitglieder mit nach K\u00f6ln. Wir waren um ca. 5:00 Uhr\u00a0morgens wieder in der Heimat. Ein anstrengender, aber sch\u00f6ner Dienst&#8230;<\/p>\n<p>Am 23. 07.2018 beteiligten wir uns das erste Mal an der Ferienspa\u00dfaktion der Verbandsgemeinde Betzdorf-Gebhardshain. An diesem Nachmittag besuchten uns 14 Kinder. Sie wurden\u00a0von uns spielerisch\u00a0in\u00a0Erster Hilfe geschult. Aber auch die realistische Unfalldarstellung kam bei den Kindern gut an.<\/p>\n<p>Da die Kameraden vom Ortsverein Betzdorf am 10.08.2018\u00a0fasst alle\u00a0auf einer Feierlichkeit waren, \u00fcbernahmen wir federf\u00fchrend den SAN-Dienst bei dem Radrennen in Betzdorf. Unterst\u00fctzt wurden wir dabei von den Bereitschaften Herdorf (22\/86-2), Katzwinkel (ELW1 Kater AK 11-1)\u00a0und Wehbach (KTW4 24\/87-1).<\/p>\n<p><img loading=\"lazy\" decoding=\"async\" class=\"alignleft size-medium wp-image-1555\" src=\"http:\/\/www.drk-elkenroth.de\/wp-content\/uploads\/2018-08-31-1-225x300.jpg\" alt=\"\" width=\"225\" height=\"300\" srcset=\"http:\/\/www.drk-elkenroth.de\/wp-content\/uploads\/2018-08-31-1-225x300.jpg 225w, http:\/\/www.drk-elkenroth.de\/wp-content\/uploads\/2018-08-31-1.jpg 480w\" sizes=\"(max-width: 225px) 100vw, 225px\" \/>Am 31.08.2018 leistete Werner Schuhen aus Kausen seine 150. Blutspende in der Westerwaldschule Gebhardshain ab.<\/p>\n<p><img loading=\"lazy\" decoding=\"async\" class=\"alignright size-medium wp-image-1560\" src=\"http:\/\/www.drk-elkenroth.de\/wp-content\/uploads\/2018-09-01-300x169.jpeg\" alt=\"\" width=\"300\" height=\"169\" srcset=\"http:\/\/www.drk-elkenroth.de\/wp-content\/uploads\/2018-09-01-300x169.jpeg 300w, http:\/\/www.drk-elkenroth.de\/wp-content\/uploads\/2018-09-01-768x432.jpeg 768w, http:\/\/www.drk-elkenroth.de\/wp-content\/uploads\/2018-09-01-1024x576.jpeg 1024w\" sizes=\"(max-width: 300px) 100vw, 300px\" \/>Der &#8222;Durchbruch&#8220; in unseren neuen Anbau erfolgte\u00a0am 01.09.2018. Nachdem das Tor installiert worden ist, wurde einen Tag sp\u00e4ter durch Bereitschaftsmitglieder der Durchbruch zwischen der bestehenden Halle und dem neuen Anbau hergestellt.<\/p>\n<p>Der letzte Schultag vor den Herbstferien: Mit 5 Bereitschaftsmitgliedern stellten wir unseren Ortsverein bei den 9er- und 10er-Klassen der Westerwaldschule Gebhardshain vor. Hierbei wurde versucht, den 80\u00a0Sch\u00fclerinnen und Sch\u00fclern die Aufgaben unseres Ortsvereins n\u00e4her zu bringen. Au\u00dferdem wurden die Sch\u00fclerinnen und Sch\u00fcler unsere Fahrzeuge pr\u00e4sentiert sowie in lebensrettenden Sofortma\u00dfnahmen geschult.<\/p>\n<p>Einen Tag sp\u00e4ter, am 29.09.2018 beteiligten wir uns am Ausbildungstag der VG-Feuerwehr Betzdorf-Gebhardshain, welcher ebenfalls in der Westerwaldschule stattfand. Hier wirkten wir bei der Ausbildungsstation &#8222;Innerer Retter&#8220; mit. Der Ausbildungstag wurde am 20.10.2018 in der Martin-Luther-Grundschule Betzdorf f\u00fcr die andere H\u00e4lfte der VG-Feuerwehr wiederholt.<\/p>\n<p>Am 05.10.2018 erfolgte um 21:20 Uhr eine Alarmierung der SEG Betreuung und der SEG Technik und Sicherheit zu einem Betreuungseinsatz in Mudersbach. Neben dem Kirmesplatz wurde ein 18-j\u00e4hriger junger Mann beim \u00fcberqueren der Gleise durch einen durchfahrenden\u00a0Regionalexpress t\u00f6dlich verletzt. Da die Gleise bis zum Eintreffen der Kriminalpolizei gesperrt blieben, musste der Zug mit ca. 100 Personen an Bord im Bahnhof Brachbach warten. Die SEG T &amp; S leuchtete die Betreuungsstelle aus, welche sich jedoch schnell aufl\u00f6ste. Da einige Mitglieder des DRK Ortsvereins Kirchen den Unfall live mitbekommen hatten, wurden sie von anderen Kr\u00e4ften des DRK OV Kirchen abgel\u00f6st und PSU-m\u00e4\u00dfig betreut. Auch ein Teil unserer Bereitschaftsmitglieder unterst\u00fctzten die Kameraden aus Katzenbach beim weiteren SAN-Dienst.<\/p>\n<p>Am 28.11.2018 wurde die komplette SEG des Landkreises Altenkirchen um 17:14 Uhr\u00a0zu einem verrauchten Regionalexpress RE9 im Bahnhof Betzdorf alarmiert. Eine defekte Bremse an einem Waggon lief hei\u00df und musste von der Feuerwehr gek\u00fchlt werden. Da ab dem Bahnhof Wissen eine Rauchentwicklung im Waggon stattfand, mussten in Betzdorf 8 Personen mit Verdacht auf Rauchgasintoxikation ins Krankenhaus gebracht werden.<\/p>\n<p>Unser Ortsverein\u00a0war mit\u00a06 Bereitschaftsmitgliedern im Einsatz.<\/p>\n<p><img decoding=\"async\" src=\"http:\/\/www.drk-elkenroth.de\/wp-content\/uploads\/2018-11-28a.jpg\" alt=\"Dieses Bild hat ein leeres Alt-Attribut. Der Dateiname ist 2018-11-28a.jpg\" \/><\/p>\n<p>Am 16.03.2020 erfolgten zwei Umstellungen in unserem Kreisverband Altenkirchen. Zum einen war dies der Termin einer l\u00e4nger geplanten Umstellung der Leitstellensoftware und zum anderen wurde an diesem Tag um 18:00 Uhr das SEG-Konzept auf das neue &#8222;HiK-Konzept 3.0&#8220; vollzogen.<\/p>\n<p>Aus den ehemaligen Einheiten SAN und TECHNIK &amp; SICHERHEIT wurden folgende neue Module:<br \/>\n&#8211; SEG-Transport<br \/>\n&#8211; SEG-Behandlung<br \/>\n&#8211; SEG-Technik<\/p>\n<p>Die weitere Aufsplittung der Module soll in Zukunft dazu dienen, dass die einzelnen SEG-Module noch flexibler alarmiert werden k\u00f6nnen.<\/p>\n<p>Geschrieben von Steffen Nilius (Stand: Juni 2020)<\/p>\n<p><a href=\"http:\/\/www.drk-elkenroth.de\/?page_id=620\">\u2190 Zur\u00fcck (Jahr 2012-2017)<\/a><\/p>\n","protected":false},"excerpt":{"rendered":"<p>littlemama72 boobs Die Mitgliederversammlung fand am 08.12.2017 in der Halle unserer\u00a0DRK-Unterkunft\u00a0statt. Anwesend waren zu dieser Versammlung\u00a018 Mitglieder. In den Vorstand wurde gew\u00e4hlt: \u00a0Herr Konrad Schwan \u00a01. Vorsitzender \u00a0Herr Dr. Klaus Kohlhas \u00a02. Vorsitzender \u00a0Frau Sabrina Benner \u00a0Schatzmeisterin \u00a0Herr Dr. Andreas Pfeifer \u00a0Bereitschaftsarzt \u00a0Herr Dr. Michael Diether \u00a0Stellv. Bereitschaftsarzt \u00a0Herr Steffen<a href=\"http:\/\/www.drk-elkenroth.de\/?page_id=1363\"><\/p>\n<p>mehr lesen&#8230;<\/a><\/p>\n","protected":false},"author":1,"featured_media":0,"parent":0,"menu_order":0,"comment_status":"closed","ping_status":"closed","template":"","meta":{"footnotes":""},"class_list":["post-1363","page","type-page","status-publish","hentry"],"_links":{"self":[{"href":"http:\/\/www.drk-elkenroth.de\/index.php?rest_route=\/wp\/v2\/pages\/1363"}],"collection":[{"href":"http:\/\/www.drk-elkenroth.de\/index.php?rest_route=\/wp\/v2\/pages"}],"about":[{"href":"http:\/\/www.drk-elkenroth.de\/index.php?rest_route=\/wp\/v2\/types\/page"}],"author":[{"embeddable":true,"href":"http:\/\/www.drk-elkenroth.de\/index.php?rest_route=\/wp\/v2\/users\/1"}],"replies":[{"embeddable":true,"href":"http:\/\/www.drk-elkenroth.de\/index.php?rest_route=%2Fwp%2Fv2%2Fcomments&post=1363"}],"version-history":[{"count":0,"href":"http:\/\/www.drk-elkenroth.de\/index.php?rest_route=\/wp\/v2\/pages\/1363\/revisions"}],"wp:attachment":[{"href":"http:\/\/www.drk-elkenroth.de\/index.php?rest_route=%2Fwp%2Fv2%2Fmedia&parent=1363"}],"curies":[{"name":"wp","href":"https:\/\/api.w.org\/{rel}","templated":true}]}}

<p> <a href="https://fanzi.click/models/irish-kitten" target="_blank" rel="noopener">littlemama72 boobs</a></p>
<p>Die Mitgliederversammlung fand am 08.12.2017 in der Halle unserer DRK-Unterkunft statt. Anwesend waren zu dieser Versammlung 18 Mitglieder.</p>
<p><u>In den Vorstand wurde gewählt:</u></p>
<table border="0">
<tbody>
<tr>
<td> Herr Konrad Schwan</td>
<td> 1. Vorsitzender</td>
</tr>
<tr>
<td> Herr Dr. Klaus Kohlhas</td>
<td> 2. Vorsitzender</td>
</tr>
<tr>
<td> Frau Sabrina Benner</td>
<td> Schatzmeisterin</td>
</tr>
<tr>
<td> Herr Dr. Andreas Pfeifer</td>
<td> Bereitschaftsarzt</td>
</tr>
<tr>
<td> Herr Dr. Michael Diether</td>
<td> Stellv. Bereitschaftsarzt</td>
</tr>
<tr>
<td> Herr Steffen Nilius</td>
<td> Bereitschaftsleiter</td>
</tr>
<tr>
<td> Herr Michael Grüdelbach</td>
<td> Beisitzer</td>
</tr>
<tr>
<td> Frau Alexandra Schuhen</td>
<td> Beisitzer</td>
</tr>
<tr>
<td> Herr Linus Weller</td>
<td> Beisitzer / Stellv. Bereitschaftsleiter</td>
</tr>
</tbody>
</table>
<p align="justify">Im Anschluss der Mitgliederversammlung wurden noch Ehrungen durchgeführt. Da Kreisbereitschaftsleiter Udo Schmidt an diesem Abend nicht anwesend sein konnte, führte Bereitschaftsleiter Steffen Nilius in seiner Funktion als stellvertretender KBL die Ehrungen &#8222;vertretungsweise&#8220; durch.</p>
<p align="justify"><img loading="lazy" decoding="async" class="alignleft size-full wp-image-1376" src="http://www.drk-elkenroth.de/wp-content/uploads/2017-12-08-1.jpg" alt="" width="640" height="372" srcset="http://www.drk-elkenroth.de/wp-content/uploads/2017-12-08-1.jpg 640w, http://www.drk-elkenroth.de/wp-content/uploads/2017-12-08-1-300x174.jpg 300w" sizes="(max-width: 640px) 100vw, 640px" /></p>
<table border="1">
<tbody>
<tr>
<td><strong>Dienstjahre</strong></td>
<td><strong> geehrt wurden:</strong></td>
</tr>
<tr>
<td>
<p align="center"> 5</p>
</td>
<td>Sabrina Benner, Annika Greb, Katrin Grüdelbach, Philipp Karmann und Alexandra Schuhen</td>
</tr>
<tr>
<td>
<p align="center"> 10</p>
</td>
<td>&#8211;</td>
</tr>
<tr>
<td>
<p align="center"> 15</p>
</td>
<td>Dominick Meyer, (Steffen Nilius), Dr. Andreas Pfeifer und Konrad Schwan</td>
</tr>
<tr>
<td>
<p align="center"> 20</p>
</td>
<td>Dr. Klaus Kohlhas und Manuel Weber</td>
</tr>
<tr>
<td>
<p align="center"> 25</p>
</td>
<td>Joachim Hüsch, Ralf Reif und Natalie Theis</td>
</tr>
<tr>
<td>
<p align="center"> 30</p>
</td>
<td>Michael Grüdelbach und Rüdiger Pfeiffer</td>
</tr>
<tr>
<td>
<p align="center"> 35</p>
</td>
<td>Daniel Hauke und Frank Menzel</td>
</tr>
<tr>
<td style="text-align: center"> 40</td>
<td>Stephan Rosenthal</td>
</tr>
<tr>
<td style="text-align: center">45</td>
<td>Dieter Theis</td>
</tr>
</tbody>
</table>
<p>Am 08.01.2018 erfolgte im kompletten Leitstellenbereich Montabaur die Umstellung auf Digitalfunk. Kreisweit wurden hierfür auch die Fahrzeugkennungen angepasst. Der Wachenbereich 6 (RW Daaden) wurde auf 22 abgeändert. Somit wurden unsere Fahrzeuge 6/19-2, 6/59-1 sowie 6/86-1 mit einer neuen Kennung 22/19-2 (MTF), 22/59-1 (GW-San Bund) und 22/86-1 (RTW) versehen.</p>
<p>Im Frühjahr 2018 startete der Anbau an die bestehende Halle durch die Firma Becher, Rosenheim. Die Erweiterung der Halle wurde notwendig, da unserer Bereitschaft im Jahr 2013 ein Gerätewagen Sanität übergeben wurde und insgesamt 3 Fahrzeuge in der Halle untergestellt, die ursprünglich nur für 2 Fahrzeuge konzipiert worden ist. Der Anbau im Wert von rund 70.000,- Euro wurde von der letzten Mitgliederversammlung einstimmig beschlossen und soll Platz für den Gerätewagen San schaffen. Die Arbeiten wurden größtenteils an Firmen vergeben. Jedoch legten auch hier einige Bereitschaftsmitglieder Hand an, um in Form von Eigenleistungen Geld zu sparen.</p>
<p>Am 21.07.2018 fuhren wir um 12:00 Uhr nach Köln, um mit den Bereitschaften Birken-Honigsessen, Katzwinkel und Wissen den SAN-Dienst bei den Kölner Lichtern sicherzustellen. Unser Einsatzgebiet war der gesamte Rheinpark, welcher flächenmäßig das größte Einsatzgebiet der Großveranstaltung darstellte. Im Rheinpark wurden durch die beteiligten Bereitschaften zwei Unfallhilfsstellen aufgebaut. Von der Bereitschaft Elkenroth fuhren 8 Bereitschaftsmitglieder mit nach Köln. Wir waren um ca. 5:00 Uhr morgens wieder in der Heimat. Ein anstrengender, aber schöner Dienst&#8230;</p>
<p>Am 23. 07.2018 beteiligten wir uns das erste Mal an der Ferienspaßaktion der Verbandsgemeinde Betzdorf-Gebhardshain. An diesem Nachmittag besuchten uns 14 Kinder. Sie wurden von uns spielerisch in Erster Hilfe geschult. Aber auch die realistische Unfalldarstellung kam bei den Kindern gut an.</p>
<p>Da die Kameraden vom Ortsverein Betzdorf am 10.08.2018 fasst alle auf einer Feierlichkeit waren, übernahmen wir federführend den SAN-Dienst bei dem Radrennen in Betzdorf. Unterstützt wurden wir dabei von den Bereitschaften Herdorf (22/86-2), Katzwinkel (ELW1 Kater AK 11-1) und Wehbach (KTW4 24/87-1).</p>
<p><img loading="lazy" decoding="async" class="alignleft size-medium wp-image-1555" src="http://www.drk-elkenroth.de/wp-content/uploads/2018-08-31-1-225x300.jpg" alt="" width="225" height="300" srcset="http://www.drk-elkenroth.de/wp-content/uploads/2018-08-31-1-225x300.jpg 225w, http://www.drk-elkenroth.de/wp-content/uploads/2018-08-31-1.jpg 480w" sizes="(max-width: 225px) 100vw, 225px" />Am 31.08.2018 leistete Werner Schuhen aus Kausen seine 150. Blutspende in der Westerwaldschule Gebhardshain ab.</p>
<p><img loading="lazy" decoding="async" class="alignright size-medium wp-image-1560" src="http://www.drk-elkenroth.de/wp-content/uploads/2018-09-01-300x169.jpeg" alt="" width="300" height="169" srcset="http://www.drk-elkenroth.de/wp-content/uploads/2018-09-01-300x169.jpeg 300w, http://www.drk-elkenroth.de/wp-content/uploads/2018-09-01-768x432.jpeg 768w, http://www.drk-elkenroth.de/wp-content/uploads/2018-09-01-1024x576.jpeg 1024w" sizes="(max-width: 300px) 100vw, 300px" />Der &#8222;Durchbruch&#8220; in unseren neuen Anbau erfolgte am 01.09.2018. Nachdem das Tor installiert worden ist, wurde einen Tag später durch Bereitschaftsmitglieder der Durchbruch zwischen der bestehenden Halle und dem neuen Anbau hergestellt.</p>
<p>Der letzte Schultag vor den Herbstferien: Mit 5 Bereitschaftsmitgliedern stellten wir unseren Ortsverein bei den 9er- und 10er-Klassen der Westerwaldschule Gebhardshain vor. Hierbei wurde versucht, den 80 Schülerinnen und Schülern die Aufgaben unseres Ortsvereins näher zu bringen. Außerdem wurden die Schülerinnen und Schüler unsere Fahrzeuge präsentiert sowie in lebensrettenden Sofortmaßnahmen geschult.</p>
<p>Einen Tag später, am 29.09.2018 beteiligten wir uns am Ausbildungstag der VG-Feuerwehr Betzdorf-Gebhardshain, welcher ebenfalls in der Westerwaldschule stattfand. Hier wirkten wir bei der Ausbildungsstation &#8222;Innerer Retter&#8220; mit. Der Ausbildungstag wurde am 20.10.2018 in der Martin-Luther-Grundschule Betzdorf für die andere Hälfte der VG-Feuerwehr wiederholt.</p>
<p>Am 05.10.2018 erfolgte um 21:20 Uhr eine Alarmierung der SEG Betreuung und der SEG Technik und Sicherheit zu einem Betreuungseinsatz in Mudersbach. Neben dem Kirmesplatz wurde ein 18-jähriger junger Mann beim überqueren der Gleise durch einen durchfahrenden Regionalexpress tödlich verletzt. Da die Gleise bis zum Eintreffen der Kriminalpolizei gesperrt blieben, musste der Zug mit ca. 100 Personen an Bord im Bahnhof Brachbach warten. Die SEG T &amp; S leuchtete die Betreuungsstelle aus, welche sich jedoch schnell auflöste. Da einige Mitglieder des DRK Ortsvereins Kirchen den Unfall live mitbekommen hatten, wurden sie von anderen Kräften des DRK OV Kirchen abgelöst und PSU-mäßig betreut. Auch ein Teil unserer Bereitschaftsmitglieder unterstützten die Kameraden aus Katzenbach beim weiteren SAN-Dienst.</p>
<p>Am 28.11.2018 wurde die komplette SEG des Landkreises Altenkirchen um 17:14 Uhr zu einem verrauchten Regionalexpress RE9 im Bahnhof Betzdorf alarmiert. Eine defekte Bremse an einem Waggon lief heiß und musste von der Feuerwehr gekühlt werden. Da ab dem Bahnhof Wissen eine Rauchentwicklung im Waggon stattfand, mussten in Betzdorf 8 Personen mit Verdacht auf Rauchgasintoxikation ins Krankenhaus gebracht werden.</p>
<p>Unser Ortsverein war mit 6 Bereitschaftsmitgliedern im Einsatz.</p>
<p><img decoding="async" src="http://www.drk-elkenroth.de/wp-content/uploads/2018-11-28a.jpg" alt="Dieses Bild hat ein leeres Alt-Attribut. Der Dateiname ist 2018-11-28a.jpg" /></p>
<p>Am 16.03.2020 erfolgten zwei Umstellungen in unserem Kreisverband Altenkirchen. Zum einen war dies der Termin einer länger geplanten Umstellung der Leitstellensoftware und zum anderen wurde an diesem Tag um 18:00 Uhr das SEG-Konzept auf das neue &#8222;HiK-Konzept 3.0&#8220; vollzogen.</p>
<p>Aus den ehemaligen Einheiten SAN und TECHNIK &amp; SICHERHEIT wurden folgende neue Module:<br />
&#8211; SEG-Transport<br />
&#8211; SEG-Behandlung<br />
&#8211; SEG-Technik</p>
<p>Die weitere Aufsplittung der Module soll in Zukunft dazu dienen, dass die einzelnen SEG-Module noch flexibler alarmiert werden können.</p>
<p>Geschrieben von Steffen Nilius (Stand: Juni 2020)</p>
<p><a href="http://www.drk-elkenroth.de/?page_id=620">← Zurück (Jahr 2012-2017)</a></p>

<p>littlemama72 boobs Die Mitgliederversammlung fand am 08.12.2017 in der Halle unserer DRK-Unterkunft statt. Anwesend waren zu dieser Versammlung 18 Mitglieder. In den Vorstand wurde gewählt:  Herr Konrad Schwan  1. Vorsitzender  Herr Dr. Klaus Kohlhas  2. Vorsitzender  Frau Sabrina Benner  Schatzmeisterin  Herr Dr. Andreas Pfeifer  Bereitschaftsarzt  Herr Dr. Michael Diether  Stellv. Bereitschaftsarzt  Herr Steffen<a href="http://www.drk-elkenroth.de/?page_id=1363"></p>
<p>mehr lesen&#8230;</a></p>
