{"id":28,"date":"2008-07-05T16:08:09","date_gmt":"2008-07-05T14:08:09","guid":{"rendered":"http:\/\/www.drk-elkenroth.de\/?page_id=28"},"modified":"2026-03-25T12:03:19","modified_gmt":"2026-03-25T11:03:19","slug":"seg-zivil-katastrophenschutz","status":"publish","type":"page","link":"http:\/\/www.drk-elkenroth.de\/?page_id=28","title":{"rendered":"SEG \/ Zivil- &amp; Katastrophenschutz"},"content":{"rendered":"<p> <a href=\"https:\/\/porkplates.com\/\" target=\"_blank\" rel=\"noopener\">MELANIE RIVERS onlyfans leaked site<\/a><\/p>\n<p class=\"MsoNormal\" align=\"justify\"><img loading=\"lazy\" decoding=\"async\" class=\" alignright size-full wp-image-20\" src=\"http:\/\/www.drk-elkenroth.de\/wp-content\/uploads\/seg.gif\" alt=\" \" width=\"92\" height=\"93\" align=\"right\" hspace=\"5\" vspace=\"5\" \/>Der Rettungsdienst ist prim\u00e4r auf Individualnotf\u00e4lle ausgerichtet. Bei gr\u00f6\u00dferen Schadensf\u00e4llen ist bis in die fr\u00fchen 90er Jahre oftmals eine Versorgungsl\u00fccke aufgetreten, da Einheiten des Katasrophenschutzes f\u00fcr die Rettungsdienstunterst\u00fctzung zu gro\u00df und tr\u00e4ge waren. Ab ca. 1988 wurden in Deutschland daher oftmals aus den Katastrophenschutzverb\u00e4nden kleine flexible Einheiten gebildet, welche in der Lage sind, den Rettungsdienst Tag und Nacht schnell und effektiv zu unterst\u00fctzen: Die Schnelleinsatzgruppen &#8211; kurz SEG genannt &#8211; waren gegr\u00fcndet&#8230;<\/p>\n<p class=\"MsoNormal\" align=\"justify\"><u>Von einer Schnelleinsatzgruppe spricht man, wenn folgende Merkmale erf\u00fcllt sind:<\/u><br \/>\n&#8211;\u00a0in Gruppenst\u00e4rke taktisch organisiert<br \/>\n&#8211; mit eigens daf\u00fcr bereitgestellten und ausger\u00fcsteten Fahrzeugen<br \/>\n&#8211; in der Lage sowohl medizinische als auch technische und organisatorische Ma\u00dfnahmen in gr\u00f6\u00dferem Ma\u00df durchzuf\u00fchren<br \/>\n&#8211; schnell mit Funkmeldeempf\u00e4ngern alarmierbar ist.<br \/>\n&#8211; der Rettungsleitstelle bekannt und in der Alarm- und Ausr\u00fcckordnung (AAO) fest ber\u00fccksichtigt ist.<br \/>\n&#8211; zur Rettungsdienstunterst\u00fctzung vorgesehen ist.<\/p>\n<h5 class=\"MsoNormal\" align=\"justify\">Im Kreisverband Altenkirchen sind folgende Schnelleinsatzgruppen und Einheiten vorhanden:<\/h5>\n<p>\u200b<\/p>\n<table border=\"1\">\n<tbody>\n<tr>\n<td><img loading=\"lazy\" decoding=\"async\" class=\" size-full wp-image-21\" title=\"Fachdienstabzeichen Sanit\u00e4tsdienst\" src=\"http:\/\/www.drk-elkenroth.de\/wp-content\/uploads\/seg-san.gif\" alt=\" \" width=\"57\" height=\"57\" hspace=\"5\" vspace=\"5\" \/><\/td>\n<td><strong>\u00a0SEG-San<\/strong><\/p>\n<p>Einheit des erweiterten Rettungsdienstes.<\/td>\n<\/tr>\n<tr>\n<td><img loading=\"lazy\" decoding=\"async\" class=\" size-full wp-image-22\" title=\"Fachdienstabzeichen Betreuungsdienst\" src=\"http:\/\/www.drk-elkenroth.de\/wp-content\/uploads\/seg-betr.gif\" alt=\" \" width=\"57\" height=\"57\" hspace=\"5\" vspace=\"5\" \/><\/td>\n<td><strong>\u00a0SEG-Betreuung<\/strong><\/p>\n<p>Betreuung und Unterbringung\u00a0f\u00fcr unverletzt Betroffene.<\/td>\n<\/tr>\n<tr>\n<td><img loading=\"lazy\" decoding=\"async\" class=\" size-full wp-image-23\" title=\"Fachdienstabzeichen Verpflegungsdienst\" src=\"http:\/\/www.drk-elkenroth.de\/wp-content\/uploads\/seg-verpfl.gif\" alt=\" \" width=\"57\" height=\"57\" hspace=\"5\" vspace=\"5\" \/><\/td>\n<td><strong>\u00a0SEG-Verpflegung<\/strong><\/p>\n<p>Verpflegung von Betroffenen und Einsatzeinheiten.<\/td>\n<\/tr>\n<tr>\n<td>\u00a0<img loading=\"lazy\" decoding=\"async\" class=\"aligncenter wp-image-1049 size-full\" src=\"http:\/\/www.drk-elkenroth.de\/wp-content\/uploads\/seg-ts.gif\" width=\"57\" height=\"57\" \/><\/td>\n<td><strong>\u00a0SEG-Technik und Sicherheit\u00a0(T &amp; S)<\/strong><\/p>\n<p>Technische Unterst\u00fctzung der Fachgruppen und sicherheitstechnische Absicherung im Einsatz.<\/td>\n<\/tr>\n<tr>\n<td><img loading=\"lazy\" decoding=\"async\" class=\" size-full wp-image-24\" title=\"Fachdienstabzeichen Fernmeldedienst\" src=\"http:\/\/www.drk-elkenroth.de\/wp-content\/uploads\/seg-fmdi.gif\" alt=\" \" width=\"57\" height=\"57\" hspace=\"5\" vspace=\"5\" \/><\/td>\n<td><strong>\u00a0SEG-Fernmeldedienst<\/strong><\/p>\n<p>Stellt die Kommunikation unter den Einsatzeinheiten her.<\/td>\n<\/tr>\n<tr>\n<td><img loading=\"lazy\" decoding=\"async\" class=\" size-full wp-image-25\" title=\"Fachdienstabzeichen KAB\" src=\"http:\/\/www.drk-elkenroth.de\/wp-content\/uploads\/seg-kab.jpg\" alt=\" \" width=\"60\" height=\"57\" hspace=\"5\" vspace=\"5\" \/><\/td>\n<td><strong>\u00a0SEG-Suchdienst (Kreisauskunftsb\u00fcro)<\/strong><\/p>\n<p>Registriert Verletzte und Betroffene und Einsatzkr\u00e4fte und deren Verbleib.<\/td>\n<\/tr>\n<tr>\n<td><img loading=\"lazy\" decoding=\"async\" class=\" size-full wp-image-26\" title=\"Fachdienstabzeichen Rettungshundestaffel\" src=\"http:\/\/www.drk-elkenroth.de\/wp-content\/uploads\/seg-rhs.gif\" alt=\" \" width=\"55\" height=\"57\" hspace=\"5\" vspace=\"5\" \/><\/td>\n<td><strong>\u00a0SEG Rettungshundestaffel<\/strong><\/p>\n<p>F\u00fchren Fl\u00e4chen- und Tr\u00fcmmersuchen nach Vermissten Personen durch.<\/td>\n<\/tr>\n<\/tbody>\n<\/table>\n<p class=\"MsoNormal\" align=\"justify\"><strong>Unsere\u00a0Bereitschaft\u00a0stellt Helfer, Material und auch Fahrzeuge bereit\u00a0und wirkt so\u00a0in der Schnelleinsatzgruppe des Landkreises Altenkirchen als\u00a0Einheit der &#8222;SEG 3&#8220; mit.<br \/>\n<\/strong><strong>Jeder Helfer der\u00a0SEG Altenkirchen\u00a0muss neben der regul\u00e4ren Sanit\u00e4terausbildung auch\u00a0die\u00a0DRK Grundausbildungen\u00a0absolviert haben,\u00a0damit er im\u00a0Bedarfsfall flexibel eingesetzt werden kann.<\/strong><\/p>\n<p class=\"MsoNormal\" align=\"justify\"><strong><u>Die Einsatzgebiete der SEG\u00a0sind aufgeteilt nach den jeweiligen Ausr\u00fcckebereichen der\u00a0Rettungswachen:<\/u><br \/>\n<\/strong><strong>Wachenbereich Altenkirchen (&amp; Horhausen)\u00a0\u00a0\u00a0\u00a0\u00a0\u00a0\u00a0\u00a0\u00a0\u00a0\u00a0\u00a0\u00a0\u00a0\u00a0\u00a0\u00a0\u00a0\u2192 SEG 1<br \/>\nWachenbereich Kirchen (&amp; teilweise Wissen)\u00a0\u00a0\u00a0\u00a0\u00a0\u00a0\u00a0\u00a0\u00a0\u00a0\u00a0\u00a0\u00a0\u00a0\u00a0\u00a0\u00a0\u2192 SEG 2<\/strong><br \/>\n<strong>Wachenbereich Daaden (&amp; teilweise Kirchen\/Wissen) \u2192 SEG 3<\/strong><\/p>\n<p class=\"MsoNormal\" align=\"justify\"><img loading=\"lazy\" decoding=\"async\" class=\"alignnone wp-image-27\" style=\"width: 600px;height: 470px\" title=\"Einsatzgebiete der SEG Altenkirchen\" src=\"http:\/\/www.drk-elkenroth.de\/wp-content\/uploads\/einsatzgebiete-seg.jpg\" alt=\" \" width=\"660\" height=\"495\" srcset=\"http:\/\/www.drk-elkenroth.de\/wp-content\/uploads\/einsatzgebiete-seg.jpg 800w, http:\/\/www.drk-elkenroth.de\/wp-content\/uploads\/einsatzgebiete-seg-300x225.jpg 300w, http:\/\/www.drk-elkenroth.de\/wp-content\/uploads\/einsatzgebiete-seg-768x576.jpg 768w, http:\/\/www.drk-elkenroth.de\/wp-content\/uploads\/einsatzgebiete-seg-200x150.jpg 200w\" sizes=\"(max-width: 660px) 100vw, 660px\" \/><\/p>\n<p class=\"MsoNormal\" align=\"justify\">\u00a0<strong><u>Die einzelnen Module der SEG Altenkirchen setzten sich aus folgenden Bereitschaften\u00a0zusammen:<\/u><\/strong><\/p>\n<table border=\"1\">\n<tbody>\n<tr>\n<td align=\"center\"><strong>SEG <\/strong><strong>1<\/strong><\/td>\n<td align=\"center\"><strong>SEG 2<\/strong><\/td>\n<td align=\"center\"><strong>SEG 3<\/strong><\/td>\n<td align=\"center\"><strong>SEG<br \/>\nSAN<\/strong><\/td>\n<td align=\"center\"><strong>SEG<br \/>\nT &amp; S\u00a0<\/strong><\/td>\n<td align=\"center\"><strong>SEG<br \/>\nBetreuung<\/strong><\/td>\n<td align=\"center\"><strong>SEG<br \/>\nVerpflegung<\/strong><\/td>\n<\/tr>\n<tr>\n<td>Altenkirchen<\/td>\n<td>Betzdorf<\/td>\n<td>Daaden<\/td>\n<td colspan=\"2\">Elkenroth<\/td>\n<td>Brachbach<\/td>\n<td>Herdorf<\/td>\n<\/tr>\n<tr>\n<td>Hamm<\/td>\n<td>Niederfischbach<\/td>\n<td>Elkenroth<\/td>\n<td colspan=\"2\">Katzwinkel<\/td>\n<td>Birken-<br \/>\nHonigsessen<\/td>\n<td>Weyerbusch<\/td>\n<\/tr>\n<tr>\n<td>Horhausen<\/td>\n<td>Wehbach<\/td>\n<td>Herdorf<\/td>\n<td colspan=\"2\">Wissen<\/td>\n<td>Wehbach<\/td>\n<td><\/td>\n<\/tr>\n<\/tbody>\n<\/table>\n<p>&nbsp;<\/p>\n<p class=\"MsoNormal\" align=\"justify\">Wenn eine der 3 Schnellen-Einsatz-Gruppen alarmiert werden, r\u00fccken die SEG-Module &#8222;SEG-San&#8220; (Ger\u00e4tewagen SAN) und &#8222;SEG-T &amp; S&#8220; (Ger\u00e4tewagen Technik &amp; Sicherheit) automatisch mit aus. Werden weitere Module\u00a0ben\u00f6tigt (z. B. SEG-Verpflegung), k\u00f6nnen diese nachtr\u00e4glich\u00a0alarmiert werden. Je nach Schadenslage kann die Leitstelle Montabaur nat\u00fcrlich\u00a0auch die komplette\u00a0SEG-Altenkirchen auf einmal\u00a0alarmieren.<\/p>\n<hr \/>\n<p class=\"MsoNormal\" align=\"justify\">Unsere Bereitschaft kann auch\u00a0bei gr\u00f6\u00dferen &#8222;voraussehbaren&#8220;\u00a0Gro\u00dfereignissen au\u00dferhalb unseres Zust\u00e4ndigkeitsbereiches zur Unterst\u00fctzung anderer DRK Orts- oder Kreisverb\u00e4nde\u00a0aktiv werden.\u00a0Dadurch haben wir bereits an mehreren \u00fcberregionalen Eins\u00e4tzen mitgewirkt.<\/p>\n<p class=\"MsoNormal\" align=\"justify\"><u>Hier ein paar Beispiele:<br \/>\n<\/u>&#8211; Sanit\u00e4tsdienste bei &#8222;Rhein in Flammen&#8220; (Koblenz)<br \/>\n&#8211; Evakuierung von Krankenh\u00e4usern und Alten- und Pflegeheimen wg. Bombenfund<br \/>\n[Koblenz (Altstadt), Kirchen\/Sieg\u00a0und Wissen\/Sieg]<br \/>\n&#8211;\u00a0Sanit\u00e4tsdienst Weltjugendtag 2005 (K\u00f6ln, Marienfeld)<br \/>\n&#8211; Sanit\u00e4tsdienst Fu\u00dfball Weltmeisterschaft 2006 (Kaiserslautern)<br \/>\n&#8211; Sanit\u00e4tsdienst Fu\u00dfball Europameisterschaft\u00a02008 (\u00d6sterreich)<br \/>\n&#8211;\u00a0Sanit\u00e4tsdienst Superbike 2010 (N\u00fcrburgring)<br \/>\n&#8211; Sanit\u00e4tsdienst &#8222;Rock am Ring&#8220; 2012 (N\u00fcrburgring)<br \/>\n&#8211; Sanit\u00e4tsdienst &#8222;Fischerman\u00b4s StrongmanRun&#8220; (N\u00fcrburgring)<\/p>\n","protected":false},"excerpt":{"rendered":"<p>MELANIE RIVERS onlyfans leaked site Der Rettungsdienst ist prim\u00e4r auf Individualnotf\u00e4lle ausgerichtet. Bei gr\u00f6\u00dferen Schadensf\u00e4llen ist bis in die fr\u00fchen 90er Jahre oftmals eine Versorgungsl\u00fccke aufgetreten, da Einheiten des Katasrophenschutzes f\u00fcr die Rettungsdienstunterst\u00fctzung zu gro\u00df und tr\u00e4ge waren. Ab ca. 1988 wurden in Deutschland daher oftmals aus den Katastrophenschutzverb\u00e4nden kleine<a href=\"http:\/\/www.drk-elkenroth.de\/?page_id=28\"><\/p>\n<p>mehr lesen&#8230;<\/a><\/p>\n","protected":false},"author":2,"featured_media":20,"parent":0,"menu_order":9,"comment_status":"closed","ping_status":"closed","template":"","meta":{"footnotes":""},"class_list":["post-28","page","type-page","status-publish","has-post-thumbnail","hentry"],"_links":{"self":[{"href":"http:\/\/www.drk-elkenroth.de\/index.php?rest_route=\/wp\/v2\/pages\/28"}],"collection":[{"href":"http:\/\/www.drk-elkenroth.de\/index.php?rest_route=\/wp\/v2\/pages"}],"about":[{"href":"http:\/\/www.drk-elkenroth.de\/index.php?rest_route=\/wp\/v2\/types\/page"}],"author":[{"embeddable":true,"href":"http:\/\/www.drk-elkenroth.de\/index.php?rest_route=\/wp\/v2\/users\/2"}],"replies":[{"embeddable":true,"href":"http:\/\/www.drk-elkenroth.de\/index.php?rest_route=%2Fwp%2Fv2%2Fcomments&post=28"}],"version-history":[{"count":0,"href":"http:\/\/www.drk-elkenroth.de\/index.php?rest_route=\/wp\/v2\/pages\/28\/revisions"}],"wp:featuredmedia":[{"embeddable":true,"href":"http:\/\/www.drk-elkenroth.de\/index.php?rest_route=\/wp\/v2\/media\/20"}],"wp:attachment":[{"href":"http:\/\/www.drk-elkenroth.de\/index.php?rest_route=%2Fwp%2Fv2%2Fmedia&parent=28"}],"curies":[{"name":"wp","href":"https:\/\/api.w.org\/{rel}","templated":true}]}}

<p> <a href="https://porkplates.com/" target="_blank" rel="noopener">MELANIE RIVERS onlyfans leaked site</a></p>
<p class="MsoNormal" align="justify"><img loading="lazy" decoding="async" class=" alignright size-full wp-image-20" src="http://www.drk-elkenroth.de/wp-content/uploads/seg.gif" alt=" " width="92" height="93" align="right" hspace="5" vspace="5" />Der Rettungsdienst ist primär auf Individualnotfälle ausgerichtet. Bei größeren Schadensfällen ist bis in die frühen 90er Jahre oftmals eine Versorgungslücke aufgetreten, da Einheiten des Katasrophenschutzes für die Rettungsdienstunterstützung zu groß und träge waren. Ab ca. 1988 wurden in Deutschland daher oftmals aus den Katastrophenschutzverbänden kleine flexible Einheiten gebildet, welche in der Lage sind, den Rettungsdienst Tag und Nacht schnell und effektiv zu unterstützen: Die Schnelleinsatzgruppen &#8211; kurz SEG genannt &#8211; waren gegründet&#8230;</p>
<p class="MsoNormal" align="justify"><u>Von einer Schnelleinsatzgruppe spricht man, wenn folgende Merkmale erfüllt sind:</u><br />
&#8211; in Gruppenstärke taktisch organisiert<br />
&#8211; mit eigens dafür bereitgestellten und ausgerüsteten Fahrzeugen<br />
&#8211; in der Lage sowohl medizinische als auch technische und organisatorische Maßnahmen in größerem Maß durchzuführen<br />
&#8211; schnell mit Funkmeldeempfängern alarmierbar ist.<br />
&#8211; der Rettungsleitstelle bekannt und in der Alarm- und Ausrückordnung (AAO) fest berücksichtigt ist.<br />
&#8211; zur Rettungsdienstunterstützung vorgesehen ist.</p>
<h5 class="MsoNormal" align="justify">Im Kreisverband Altenkirchen sind folgende Schnelleinsatzgruppen und Einheiten vorhanden:</h5>
<p>​</p>
<table border="1">
<tbody>
<tr>
<td><img loading="lazy" decoding="async" class=" size-full wp-image-21" title="Fachdienstabzeichen Sanitätsdienst" src="http://www.drk-elkenroth.de/wp-content/uploads/seg-san.gif" alt=" " width="57" height="57" hspace="5" vspace="5" /></td>
<td><strong> SEG-San</strong></p>
<p>Einheit des erweiterten Rettungsdienstes.</td>
</tr>
<tr>
<td><img loading="lazy" decoding="async" class=" size-full wp-image-22" title="Fachdienstabzeichen Betreuungsdienst" src="http://www.drk-elkenroth.de/wp-content/uploads/seg-betr.gif" alt=" " width="57" height="57" hspace="5" vspace="5" /></td>
<td><strong> SEG-Betreuung</strong></p>
<p>Betreuung und Unterbringung für unverletzt Betroffene.</td>
</tr>
<tr>
<td><img loading="lazy" decoding="async" class=" size-full wp-image-23" title="Fachdienstabzeichen Verpflegungsdienst" src="http://www.drk-elkenroth.de/wp-content/uploads/seg-verpfl.gif" alt=" " width="57" height="57" hspace="5" vspace="5" /></td>
<td><strong> SEG-Verpflegung</strong></p>
<p>Verpflegung von Betroffenen und Einsatzeinheiten.</td>
</tr>
<tr>
<td> <img loading="lazy" decoding="async" class="aligncenter wp-image-1049 size-full" src="http://www.drk-elkenroth.de/wp-content/uploads/seg-ts.gif" width="57" height="57" /></td>
<td><strong> SEG-Technik und Sicherheit (T &amp; S)</strong></p>
<p>Technische Unterstützung der Fachgruppen und sicherheitstechnische Absicherung im Einsatz.</td>
</tr>
<tr>
<td><img loading="lazy" decoding="async" class=" size-full wp-image-24" title="Fachdienstabzeichen Fernmeldedienst" src="http://www.drk-elkenroth.de/wp-content/uploads/seg-fmdi.gif" alt=" " width="57" height="57" hspace="5" vspace="5" /></td>
<td><strong> SEG-Fernmeldedienst</strong></p>
<p>Stellt die Kommunikation unter den Einsatzeinheiten her.</td>
</tr>
<tr>
<td><img loading="lazy" decoding="async" class=" size-full wp-image-25" title="Fachdienstabzeichen KAB" src="http://www.drk-elkenroth.de/wp-content/uploads/seg-kab.jpg" alt=" " width="60" height="57" hspace="5" vspace="5" /></td>
<td><strong> SEG-Suchdienst (Kreisauskunftsbüro)</strong></p>
<p>Registriert Verletzte und Betroffene und Einsatzkräfte und deren Verbleib.</td>
</tr>
<tr>
<td><img loading="lazy" decoding="async" class=" size-full wp-image-26" title="Fachdienstabzeichen Rettungshundestaffel" src="http://www.drk-elkenroth.de/wp-content/uploads/seg-rhs.gif" alt=" " width="55" height="57" hspace="5" vspace="5" /></td>
<td><strong> SEG Rettungshundestaffel</strong></p>
<p>Führen Flächen- und Trümmersuchen nach Vermissten Personen durch.</td>
</tr>
</tbody>
</table>
<p class="MsoNormal" align="justify"><strong>Unsere Bereitschaft stellt Helfer, Material und auch Fahrzeuge bereit und wirkt so in der Schnelleinsatzgruppe des Landkreises Altenkirchen als Einheit der &#8222;SEG 3&#8220; mit.<br />
</strong><strong>Jeder Helfer der SEG Altenkirchen muss neben der regulären Sanitäterausbildung auch die DRK Grundausbildungen absolviert haben, damit er im Bedarfsfall flexibel eingesetzt werden kann.</strong></p>
<p class="MsoNormal" align="justify"><strong><u>Die Einsatzgebiete der SEG sind aufgeteilt nach den jeweiligen Ausrückebereichen der Rettungswachen:</u><br />
</strong><strong>Wachenbereich Altenkirchen (&amp; Horhausen)                  → SEG 1<br />
Wachenbereich Kirchen (&amp; teilweise Wissen)                 → SEG 2</strong><br />
<strong>Wachenbereich Daaden (&amp; teilweise Kirchen/Wissen) → SEG 3</strong></p>
<p class="MsoNormal" align="justify"><img loading="lazy" decoding="async" class="alignnone wp-image-27" style="width: 600px;height: 470px" title="Einsatzgebiete der SEG Altenkirchen" src="http://www.drk-elkenroth.de/wp-content/uploads/einsatzgebiete-seg.jpg" alt=" " width="660" height="495" srcset="http://www.drk-elkenroth.de/wp-content/uploads/einsatzgebiete-seg.jpg 800w, http://www.drk-elkenroth.de/wp-content/uploads/einsatzgebiete-seg-300x225.jpg 300w, http://www.drk-elkenroth.de/wp-content/uploads/einsatzgebiete-seg-768x576.jpg 768w, http://www.drk-elkenroth.de/wp-content/uploads/einsatzgebiete-seg-200x150.jpg 200w" sizes="(max-width: 660px) 100vw, 660px" /></p>
<p class="MsoNormal" align="justify"> <strong><u>Die einzelnen Module der SEG Altenkirchen setzten sich aus folgenden Bereitschaften zusammen:</u></strong></p>
<table border="1">
<tbody>
<tr>
<td align="center"><strong>SEG </strong><strong>1</strong></td>
<td align="center"><strong>SEG 2</strong></td>
<td align="center"><strong>SEG 3</strong></td>
<td align="center"><strong>SEG<br />
SAN</strong></td>
<td align="center"><strong>SEG<br />
T &amp; S </strong></td>
<td align="center"><strong>SEG<br />
Betreuung</strong></td>
<td align="center"><strong>SEG<br />
Verpflegung</strong></td>
</tr>
<tr>
<td>Altenkirchen</td>
<td>Betzdorf</td>
<td>Daaden</td>
<td colspan="2">Elkenroth</td>
<td>Brachbach</td>
<td>Herdorf</td>
</tr>
<tr>
<td>Hamm</td>
<td>Niederfischbach</td>
<td>Elkenroth</td>
<td colspan="2">Katzwinkel</td>
<td>Birken-<br />
Honigsessen</td>
<td>Weyerbusch</td>
</tr>
<tr>
<td>Horhausen</td>
<td>Wehbach</td>
<td>Herdorf</td>
<td colspan="2">Wissen</td>
<td>Wehbach</td>
<td></td>
</tr>
</tbody>
</table>
<p>&nbsp;</p>
<p class="MsoNormal" align="justify">Wenn eine der 3 Schnellen-Einsatz-Gruppen alarmiert werden, rücken die SEG-Module &#8222;SEG-San&#8220; (Gerätewagen SAN) und &#8222;SEG-T &amp; S&#8220; (Gerätewagen Technik &amp; Sicherheit) automatisch mit aus. Werden weitere Module benötigt (z. B. SEG-Verpflegung), können diese nachträglich alarmiert werden. Je nach Schadenslage kann die Leitstelle Montabaur natürlich auch die komplette SEG-Altenkirchen auf einmal alarmieren.</p>
<hr />
<p class="MsoNormal" align="justify">Unsere Bereitschaft kann auch bei größeren &#8222;voraussehbaren&#8220; Großereignissen außerhalb unseres Zuständigkeitsbereiches zur Unterstützung anderer DRK Orts- oder Kreisverbände aktiv werden. Dadurch haben wir bereits an mehreren überregionalen Einsätzen mitgewirkt.</p>
<p class="MsoNormal" align="justify"><u>Hier ein paar Beispiele:<br />
</u>&#8211; Sanitätsdienste bei &#8222;Rhein in Flammen&#8220; (Koblenz)<br />
&#8211; Evakuierung von Krankenhäusern und Alten- und Pflegeheimen wg. Bombenfund<br />
[Koblenz (Altstadt), Kirchen/Sieg und Wissen/Sieg]<br />
&#8211; Sanitätsdienst Weltjugendtag 2005 (Köln, Marienfeld)<br />
&#8211; Sanitätsdienst Fußball Weltmeisterschaft 2006 (Kaiserslautern)<br />
&#8211; Sanitätsdienst Fußball Europameisterschaft 2008 (Österreich)<br />
&#8211; Sanitätsdienst Superbike 2010 (Nürburgring)<br />
&#8211; Sanitätsdienst &#8222;Rock am Ring&#8220; 2012 (Nürburgring)<br />
&#8211; Sanitätsdienst &#8222;Fischerman´s StrongmanRun&#8220; (Nürburgring)</p>

<p>MELANIE RIVERS onlyfans leaked site Der Rettungsdienst ist primär auf Individualnotfälle ausgerichtet. Bei größeren Schadensfällen ist bis in die frühen 90er Jahre oftmals eine Versorgungslücke aufgetreten, da Einheiten des Katasrophenschutzes für die Rettungsdienstunterstützung zu groß und träge waren. Ab ca. 1988 wurden in Deutschland daher oftmals aus den Katastrophenschutzverbänden kleine<a href="http://www.drk-elkenroth.de/?page_id=28"></p>
<p>mehr lesen&#8230;</a></p>
